e prime factors of i.
7, 31
Let l be (0/5 - -2)/2. Let w(z) = 86*z**3 + z. List the prime factors of w(l).
3, 29
Let r = 14 + -27. Let x = r + 16. Suppose -o + 0*o + x*y + 7 = 0, 0 = 3*o - 2*y - 35. What are the prime factors of o?
13
Suppose 3*k = 2*t + 220 + 1226, k = -5*t + 465. What are the prime factors of k?
2, 3, 5
Suppose -5*p = -4*o + 814 - 53, 0 = -4*o - 3*p + 721. Let s = o + -106. What are the prime factors of s?
2, 3, 13
Suppose 16*x - 1013 - 14171 = 0. List the prime factors of x.
13, 73
Let h = -337 - -1764. List the prime factors of h.
1427
Suppose -47 = -2*i - 37. Suppose 4*w = 2*x + 578, 0*x - 2*x + 727 = i*w. What are the prime factors of w?
5, 29
Suppose 28*v + 14730 = 34*v. What are the prime factors of v?
5, 491
Suppose 0 = 3*t - r - 81, -25*r + 15 = -20*r. List the prime factors of t.
2, 7
Let u(b) be the second derivative of b**4/3 + 2*b**2 - 13*b. List the prime factors of u(2).
2, 5
Let y = 22 + -22. List the prime factors of 6/(-9)*(-75 - y).
2, 5
Let v = -7 - -21. Let y be 318/v + 8/28. Suppose 0 = -3*j - 5 + y. What are the prime factors of j?
2, 3
Let k = 34 - -593. What are the prime factors of k?
3, 11, 19
Let g be -7 - -8 - 82/(1*-2). Suppose 0 = m + l - 32 - g, -m - 4*l + 86 = 0. List the prime factors of m.
2, 5, 7
Let f = 18 - -14. Suppose f = -2*p + 262. List the prime factors of p.
5, 23
Let z(u) = u**3 + 6*u**2 + u + 8. Let n be z(-6). Suppose -n*j = -7*j. What are the prime factors of 9 - (-3 + j)*1?
2, 3
Let k = 20 + -21. Let c be (-1230)/(-18) + k/3. Suppose 0 = 2*p - 0*p - c. What are the prime factors of p?
2, 17
Let r(x) = x**3 + 23*x**2 - 159*x - 55. List the prime factors of r(-26).
7, 293
Suppose -o + 18 + 2 = 0. Suppose 6*s = 5*s + o. List the prime factors of s.
2, 5
Let w = 230 - -39. Suppose -14*k = -1389 + w. List the prime factors of k.
2, 5
List the prime factors of ((-13)/13)/((-1)/436).
2, 109
Suppose 3*s + 20 = 35. Suppose 5*j - 4*l + l - 223 = 0, -3*l = s*j - 247. List the prime factors of j.
47
Suppose 8*f - 1182 = -94. Suppose -305 = -3*b - k, 5*b - 376 = 2*k + f. List the prime factors of b.
2, 3, 17
Suppose -4*i - 458 = 478. What are the prime factors of (-4)/(-12)*3 - i?
5, 47
Suppose -4*m + 8 + 36 = 0. Suppose -m = -2*y + 35. List the prime factors of y.
23
Suppose 4*z + 4*z - 832 = 0. Suppose -2*h - 374 = -4*j, -6*h = -j - 2*h + z. List the prime factors of j.
2, 23
Let q(i) = 5 - 5*i**2 - 4*i + 6*i - i + i**3. Let w be q(6). List the prime factors of w - 4/((-5)/(-5)).
43
Let t(n) = n**2 + 4*n - 3. Let f be t(-5). Suppose 0 = -2*b - 5*u - 2, 3*b + 3*u - 4 = f. What are the prime factors of (2 - -38) + -3 + b?
41
Suppose -2*n = 2*s - 3*n - 26, -n - 62 = -5*s. Suppose 5*o = -w + 95 + 202, 0 = -4*w - s. What are the prime factors of o?
2, 3, 5
Let y(l) = -l**3 + l**2 - 2*l - 98. Let c be y(0). Let x = c - -151. What are the prime factors of x?
53
Suppose -12*z + 3548 - 1388 = 0. What are the prime factors of z?
2, 3, 5
Let t = -284 - -408. What are the prime factors of t?
2, 31
Let g(k) = -k**3 + k**2. Let c be g(2). Let l(o) = 5*o**2 + 4. List the prime factors of l(c).
2, 3, 7
Suppose s + 3*i - 90 = 0, -i = 4*s - s - 230. Suppose 0 = 9*u - s - 438. What are the prime factors of u?
3, 19
Let y(p) = -p**3 - 5*p**2 - 2*p + 3. Let u be y(-5). Let i(n) = -n**2 + 12*n + 19. Let w be i(u). List the prime factors of (78/(-5))/(w/(-20)).
2, 13
Let d(q) = 15*q + 13. Let p be d(-10). Let w = p + 207. List the prime factors of w.
2, 5, 7
Let c = -45 + 69. Let u = c + -21. List the prime factors of u.
3
Let w(r) = 35*r - 113. What are the prime factors of w(17)?
2, 241
Let t(z) = z + 1. Let m = -13 + 20. Let v(i) = -i - 2. Let x(r) = m*t(r) + 6*v(r). List the prime factors of x(10).
5
Suppose -1 = -d, d + 1352 = 2*v - 3*d. Suppose -h + 173 = -5*z, -4*h - 3*z + v + 83 = 0. List the prime factors of h.
2, 47
Let n(z) = -z + 6. Let x be n(4). Let l be (1 - x) + (25 - 7). Suppose -b = -l - 22. What are the prime factors of b?
3, 13
Let f(z) = -4*z + 81. Let j be f(15). Suppose j*y + 191 = 22*y. What are the prime factors of y?
191
Suppose -8*i + 30397 = 3349. What are the prime factors of i?
3, 7, 23
Suppose 3115*p + 5592 = 3117*p. List the prime factors of p.
2, 3, 233
Suppose 574 = -300*p + 301*p. List the prime factors of p.
2, 7, 41
Suppose 5*v - 9818 = -3*l, 4*v - 7888 = 5*l + l. List the prime factors of v.
2, 983
Let y be (-2)/9 + 9/((-81)/(-569)). Let i = y - 56. What are the prime factors of i?
7
Let c be 2/(-4)*(3 - 3). Let n be (2 - 8*-1) + c. Suppose a - 8 = n. List the prime factors of a.
2, 3
Let h = 400 - 66. List the prime factors of h.
2, 167
Let h(i) = 10*i - 187. What are the prime factors of h(29)?
103
Let o = 58 + -56. Suppose 3*n + b - 271 = 0, 0 = -3*n + o*b + 267 + 1. What are the prime factors of n?
2, 3, 5
Suppose -5*k = -k - 124. Suppose -b + 215 = k. What are the prime factors of b?
2, 23
Let p be 2/(-7) + (2 - 400/(-28)). List the prime factors of 73 - p - (-2 + -3).
2, 31
Let o(n) = -7*n**2 + 19. Let z be o(3). Suppose 12 = 3*y - 4*q, 3*y = -y - 4*q + 16. What are the prime factors of z/(-6)*(y - 1)?
2, 11
Suppose 9 = g + 2*z, 8*g - 7*g + z = 6. Suppose -5*u + 8 = -3*u. Suppose 0 = -u*v + g*v + 38. List the prime factors of v.
2, 19
Suppose 375*i - 357*i = 62100. List the prime factors of i.
2, 3, 5, 23
Let l = -329 - -799. Suppose 9*p - 6*p - a = 296, 5*p + 3*a - l = 0. List the prime factors of p.
97
Suppose -n + 4 = v + 3*v, 2*v - 16 = -4*n. Suppose 2*r + v = 12. Suppose 3*g - g = -r, -g + 63 = 3*k. List the prime factors of k.
2, 11
Let t(d) = -2*d - 6. Let m be t(-5). Suppose -m*g + 241 + 103 = 0. List the prime factors of g.
2, 43
Let o be (-3)/(-5) - (-1458)/45. Suppose -g + o = -103. What are the prime factors of g?
2, 17
Let i(t) = t**2 - t - 1. Let k(w) = 24*w + 17. Let v(d) = 2*i(d) + k(d). Let g be v(-10). List the prime factors of (14/(-4))/(g/10).
7
Let q(x) be the third derivative of -7*x**4/24 + x**3/3 - 3*x**2. Let p be q(-3). Suppose 5*v = 5*r + 70, 2*r = -v - 0*v + p. What are the prime factors of v?
17
Suppose 0 = -3*k + 2*l + 261, -2*l + 59 - 494 = -5*k. Suppose d + 0*d + k = s, -4*s + 5*d = -344. List the prime factors of s.
7, 13
Let x = 83 - 145. Let n = x - -140. List the prime factors of n.
2, 3, 13
Let a(d) = 16*d**2 - 6*d - 24. What are the prime factors of a(-7)?
2, 401
Suppose 7*l = 4*l + 6. Let p = 5 - l. Suppose 0 = -5*k + p*w + 170, -6*k + 119 = -2*k + w. List the prime factors of k.
31
Suppose -84693 = 45*q - 66*q. List the prime factors of q.
37, 109
Let l = 257 + -132. What are the prime factors of l?
5
What are the prime factors of (3 - (-3840)/18)/((-1)/(-3))?
11, 59
Suppose 3*z - 35 = -2*z. Suppose -24 = -2*k + 2*n, -k + 0*n = 4*n - z. What are the prime factors of k?
11
Let n(f) = -f**3 - 46*f**2 - 57*f - 145. List the prime factors of n(-46).
2477
Let m = 701 + -156. List the prime factors of m.
5, 109
Let c = 6 - 13. List the prime factors of 177*(c/3)/(-7).
59
Let u(t) be the second derivative of 1/20*t**5 - 11/2*t**2 - 7/6*t**3 + 2/3*t**4 - 8*t + 0. List the prime factors of u(-8).
3, 5
Let x(d) = 19*d + 118. List the prime factors of x(-3).
61
Let q = 260 + 246. What are the prime factors of q?
2, 11, 23
Let u be ((-3)/(-6) + -1)*2. Let f(h) = h**2 + 7*h + 7. Let z be f(-9). Let o = u + z. What are the prime factors of o?
2, 3
Let l = -4 - -7. Let u be -6 + l - (3 - 2). Let d = u + 7. List the prime factors of d.
3
Let s(j) = 48*j + 65. List the prime factors of s(7).
401
Suppose 5*a - 48*p - 4968 = -46*p, 3*a - 4*p - 2978 = 0. List the prime factors of a.
2, 7, 71
Suppose -4*z - 3 + 19 = 0. Let c(p) = 10*p - 6. Let x be c(z). Suppose -2*n + 0*n + x = 0. List the prime factors of n.
17
Suppose s - 81 = 5*u, -1 - 5 = -3*u. List the prime factors of s.
7, 13
Let k(g) = g + 16. Let m be k(-11). Let p = m - 3. List the prime factors of (p/5)/(2/170).
2, 17
Let d = 228 - 191. What are the prime factors of d?
37
Let p(b) = 74*b - 1. Let n be p(2). What are the prime factors of -4 + 1 - n/(-3)?
2, 23
List the prime factors of (1 - -523) + -4 + -2*1.
2, 7, 37
Let s(v) = 131*v - 461. What are the prime factors of s(24)?
2683
Suppose -4*u = -5*w - 2845, -3*u + 1999 + 136 = -5*w. Suppose 5*t - u = -115. What are the prime facto